 be j(12). Let h be (-10)/(3 + -5) + w. Let i = 10 - h. What are the prime factors of i?
2, 3
Suppose -3*p = -11*p. Let v(y) = y**3 - y**2 - 2*y - 61. Let h be v(p). Let r = 119 + h. List the prime factors of r.
2, 29
Suppose -3*w + 19 + 5 = 0. Let g be 1/(2*4/w). List the prime factors of (g + -109)/(-4) + 0.
3
Let a(z) = -z + 15. Let g be a(7). Suppose 0 = -3*l + 2*l - 3*b + g, 4*l - 3*b - 2 = 0. Suppose -l*q = -q - 29. List the prime factors of q.
29
What are the prime factors of (-5)/((-60)/15531) - (-9)/(-36)?
2, 647
Let r = -103 + 29. Let u = 45 + -81. Let o = u - r. What are the prime factors of o?
2, 19
Suppose -2*n + 5*z + 11794 = 0, n - 5882 = -8*z + 3*z. List the prime factors of n.
2, 3, 491
Let l(d) be the third derivative of 0*d - 1/6*d**4 - d**3 + 3*d**2 + 1/60*d**5 + 0. List the prime factors of l(-3).
3, 5
Let n be -2 - 5 - (-3 - 0/(-4)). Let f(q) = 9*q**2 - 4*q - 4. List the prime factors of f(n).
2, 3, 13
Let c(f) = -8*f**2 + 48*f - 11. Let q be c(6). Let g(h) be the second derivative of h**5/20 + 11*h**4/12 - h**3/6 + 2*h. What are the prime factors of g(q)?
11
Let c be (1 + 2 + -2)*(-290)/10. Let b = 55 - c. List the prime factors of b.
2, 3, 7
Let w(m) = 3*m + 1. Let b be w(3). Suppose b*c = 1524 - 184. What are the prime factors of c?
2, 67
Let y be (-3)/(0 - -6)*-4. Let u be y/6 + 119/21. List the prime factors of (13/2)/(3/u).
13
Let w(g) = g**2 + 7*g + 236. List the prime factors of w(0).
2, 59
Suppose 4*h + 10161 = 13*h. List the prime factors of h.
1129
Let s(y) = 16*y**3 - 8*y**2 + 30*y + 1. List the prime factors of s(6).
17, 197
Suppose 0 = -3*x - 2*x + 25. Let d(c) = 4 - 9*c + x + 1 - 11. List the prime factors of d(-3).
2, 13
Let m = 261 + -447. Let k = -133 - m. What are the prime factors of k?
53
Suppose 3*l - 354 = 288. Suppose -c - l - 1158 = 0. List the prime factors of c/(-44) + (-2)/11.
31
Suppose -1809 - 971 = -5*k. What are the prime factors of k?
2, 139
Let o(y) = -4*y - 5. Let c be o(-7). Let u = c + -19. Suppose u*a - r = 117, 5*a = -r + 126 + 18. What are the prime factors of a?
29
Let p = -1593 + 4475. What are the prime factors of p?
2, 11, 131
Let z = 1798 - 1023. List the prime factors of z.
5, 31
Let a = -1 - -5. Suppose -a*f + 381 = -455. What are the prime factors of f?
11, 19
Suppose 0 = -t + 3*l + 49, 0*t + 53 = t - 2*l. Suppose h = 5*q + 13, -3*h = -0*h - 4*q - t. List the prime factors of h.
23
Let g be -2*(0 - (-6)/(-4)). Let k be 2 + (-8 + 6 - (0 - 0)). Suppose -g*f - f + 80 = k. List the prime factors of f.
2, 5
Let f(m) = -11*m + 24. Let q(o) = o**2 - 22*o + 48. Let l(w) = -5*f(w) + 3*q(w). List the prime factors of l(10).
2, 107
Suppose 4*s - 7 - 13 = 0. Suppose s*r + 5 = 0, -2*q + 3*r + 9 = 2*r. Suppose 6 = 2*i - q, f + 15 = 4*i. List the prime factors of f.
5
Let t(i) = 6*i**2 + 16*i + 463. List the prime factors of t(-30).
7, 769
Suppose -5*k - 499 = -3*r, -3*r - 3*k + 511 = -5*k. What are the prime factors of r?
173
Suppose m + 2*o - 3150 = 0, -4*m - 4*o + 12604 = -0*o. What are the prime factors of m?
2, 197
Suppose 662 = 2*u - 3*k, -13*k - 1330 = -4*u - 10*k. What are the prime factors of u?
2, 167
Let s(l) = 65*l**2 - 30*l + 128. List the prime factors of s(5).
7, 229
Suppose 7*r + 158 = 9*r. Suppose -b + 323 = 4*x, -2*b = x - 0*b - r. List the prime factors of x.
3
Suppose -2*v + 5*v = -2*g - 30, 4*g + 2*v + 44 = 0. List the prime factors of g*(-4*12/9 + -3).
3, 5
Let j be (-25 + 2)*(-2 - -1). Suppose s - 2*s + 43 = -w, s - j = 5*w. List the prime factors of s.
2, 3
Let x be 135/(-3)*36/(-10). Suppose 4*n - x = -2*n. List the prime factors of n.
3
Let g = 885 + 5. List the prime factors of g.
2, 5, 89
Let d = -3243 - -5742. List the prime factors of d.
3, 7, 17
Suppose -30662 - 5562 = -32*q. What are the prime factors of q?
2, 283
Suppose 45 = -9*j + 12*j. List the prime factors of ((-1)/(-2)*-1)/(j/(-2220)).
2, 37
Let r(i) = -2*i - 4. Let b(f) = 1. Let z = 10 - 9. Let h(g) = z*r(g) - b(g). List the prime factors of h(-8).
11
Let m(k) be the third derivative of -k**6/60 - k**5/10 + k**4/8 - 5*k**3/3 - 4*k**2. What are the prime factors of m(-5)?
3, 5
Let z = 21 + -10. Let r(v) = -v**3 + 10*v**2 + 12*v + 13. Let w be r(z). Suppose 2*f + 6 = 0, f - 3*f = 2*n - w. List the prime factors of n.
3, 5
Suppose 52*y - 55*y - 4*f = -18529, 0 = -4*y - 3*f + 24703. List the prime factors of y.
5, 13, 19
Suppose -78*j = -75*j - 2*f - 4280, -3*f = -15. What are the prime factors of j?
2, 5, 11, 13
Suppose 2*w + 57 - 13 = 0. Let g = 32 + w. What are the prime factors of g*(1/2 + 2)?
5
Let w(x) = 20*x**2 - 2. Let t be w(1). Let y(o) = o**3 - 16*o**2 - 28*o + 32. List the prime factors of y(t).
2, 11
Let c(b) be the third derivative of b**5/20 + 5*b**4/24 + 2*b**3 + 23*b**2. What are the prime factors of c(-6)?
2, 3, 5
Suppose 0*r = -2*g + 2*r + 14, 15 = -3*r. Let j(x) = -x**2 + 11*x - 14. Let m be j(7). Suppose -g*c - m = -4*c. List the prime factors of c.
7
Let j(u) = -9*u**2 - 7*u + 26*u**2 - 9*u**2 + 9 - u**3 - 5*u**2. What are the prime factors of j(-4)?
149
Suppose 0 = n + o, -5*n - 5*o = -3*n. Suppose 3*z - 4*r - 4 = -n, 3*z - 22 = -5*r. Let b = -2 + z. What are the prime factors of b?
2
Suppose 10*f - 14*f + 856 = 0. Suppose 0 = -4*n + 6*n - f. What are the prime factors of n?
107
List the prime factors of (-4)/2 - (-331 + 31).
2, 149
Let h = -107 - -117. Let z = h - -4. List the prime factors of z.
2, 7
Let d(v) = 15*v + 24. Let c(m) = 3*m + 5. Let t(s) = -24*c(s) + 5*d(s). Let k be t(3). Suppose -k*b + 13*b - 280 = 0. What are the prime factors of b?
2, 5, 7
Let y(t) = 187*t**2 + 5*t - 4. Let v be y(-3). Suppose 7*w + 285 = v. List the prime factors of w.
197
Let y = -23 - -10. Let z = 18 + y. Suppose -5*m + 55 = z*j, j + m = -2*m + 9. List the prime factors of j.
2, 3
Suppose 4*h + 1 = -a - 8, -10 = 2*a + 4*h. Suppose 3*v - 4 = -2*i, 0*i - 5*i - 8 = 3*v. What are the prime factors of a/(-3*v/120)?
2, 5
Suppose -4 = -2*h + h. Let a = h + 96. List the prime factors of a.
2, 5
What are the prime factors of 5091/2*(-11)/(66/(-8))?
2, 1697
Let q(m) = m**3 + 18*m**2 - m - 25. Let f be q(-13). Suppose -9*v + f = -2*v. What are the prime factors of v?
7, 17
Let l(n) be the first derivative of -7*n**3/6 + 2*n**2 + 6*n + 7. Let z(j) be the first derivative of l(j). What are the prime factors of z(-4)?
2
What are the prime factors of 13*22 - (37 + -34)?
283
Let j = 306 + 596. List the prime factors of j.
2, 11, 41
Suppose -8*u + 2592 + 8000 = 0. What are the prime factors of u?
2, 331
Let u = 9 + -4. Let v(k) = -k**2 - k - 4. Let m be v(u). What are the prime factors of (m/(-3))/((-24)/(-36))?
17
Suppose -4*r - 6 = 4*s + 10, 2*r + 11 = s. Let p(x) be the second derivative of x**4/6 + 2*x**3/3 - x**2 + 2*x. What are the prime factors of p(r)?
2, 7
Suppose -3*o = 2*a + 1, o - 1 = -4*a - 4*o. Suppose -a*t + 98 = 3*t. What are the prime factors of t?
2, 7
What are the prime factors of 33/(-3 - (-564)/184)?
2, 11, 23
Suppose 6*m + 247 = -389. Let i(b) = -6*b - 10. Let t be i(10). Let d = t - m. What are the prime factors of d?
2, 3
Let x be 32/(-12) - (-6)/9. List the prime factors of 27 - (2 - (-2 - x)).
5
Let a = -61 + 120. List the prime factors of a.
59
Let o = 79 - 59. List the prime factors of (135/o)/((-111)/120 - -1).
2, 3, 5
Suppose f = -5*i + 3*f + 6949, -f + 6943 = 5*i. List the prime factors of i.
3, 463
Let h(m) = -26*m + 70. What are the prime factors of h(-26)?
2, 373
What are the prime factors of (51/2)/(6/220)?
5, 11, 17
Suppose 3*f - 1615 = -i, 5*f + 4*i + 153 = 2833. List the prime factors of f.
2, 3, 5
Let n(x) be the second derivative of x**4/12 - 5*x**3/6 + x**2 - x. Let d be n(5). Let i = d - -4. List the prime factors of i.
2, 3
Let j = -47 + 976. What are the prime factors of j?
929
Let l(h) = 76*h**2 - 6*h + 26. What are the prime factors of l(3)?
2, 173
Let d(l) = l**3 - 5*l**2 + 4. Let y be d(5). Suppose k = -k + y. Let c(u) = u**3 + 2*u**2 - 2*u + 2. What are the prime factors of c(k)?
2, 7
Let a be 1*-1 - (-32 + -1). What are the prime factors of ((-234)/4)/((-24)/a)?
2, 3, 13
Let b(o) = -107*o - 67. What are the prime factors of b(-3)?
2, 127
Let b = 738 - 575. List the prime factors of b.
163
Suppose 4*i = -4*h + 64, 0 = 2*i + 5*h - 2*h - 30. Let y = -15 + i. 